5
What is -11c560 (base 13) in base 8?
-1502205
Convert -362370 (base 11) to base 14.
-10d313
Convert -a641a1 (base 11) to base 16.
-19ffe8
-46dec (base 16) to base 14
-77b08
What is -20aaa76 (base 11) in base 6?
-211220435
What is -10506242 (base 7) in base 2?
-11011110000111000100
-5ad96 (base 15) to base 5
-33234231
Convert -21212000111220 (base 3) to base 2.
-1111111010110101110011
244aa2 (base 13) to base 9
1561812
Convert 13531034 (base 6) to base 15.
9225a
Convert 87370 (base 9) to base 13.
20478
22022211021220 (base 3) to base 16
43861b
-a1e99 (base 15) to base 14
-d4cd1
100110011201 (base 3) to base 14
4bb14
Convert -15256 (base 8) to base 10.
-6830
What is 110001101001010011 (base 2) in base 8?
615123
Convert -103820 (base 15) to base 13.
-210111
130323001220 (base 4) to base 6
430300532
What is -64975 (base 12) in base 15?
-294c8
-250661 (base 8) to base 15
-1a934
Convert -121001010102212 (base 3) to base 10.
-8525246
What is -385288 (base 9) in base 7?
-1661552
Convert -3607755 (base 11) to base 10.
-6291213
-4007c (base 16) to base 6
-5342112
What is 1433200 (base 7) in base 4?
233022313
-1000111110101100 (base 2) to base 14
-d592
40353560 (base 7) to base 11
199393a
3310320414 (base 5) to base 8
33122355
1101000010001011010 (base 2) to base 6
13053150
What is 9a041 (base 11) in base 6?
3035512
-421624 (base 8) to base 15
-2b805
-4606110 (base 10) to base 16
-46489e
Convert -471742 (base 9) to base 4.
-1011031001
-100a72 (base 15) to base 10
-761732
What is -14222450 (base 6) in base 9?
-818643
Convert -101111212211110 (base 3) to base 4.
-111110023032
f9c6e (base 16) to base 15
15320b
What is 253745 (base 8) in base 2?
10101011111100101
What is -1bf20e (base 16) in base 9?
-3401231
What is 210004 (base 10) in base 12?
a1644
4466 (base 11) to base 3
22001210
Convert -555305 (base 7) to base 10.
-97907
What is -254341 (base 6) in base 10?
-23029
Convert 18db81 (base 14) to base 4.
3113212111
Convert -10111222 (base 6) to base 4.
-1012220132
-741181 (base 10) to base 7
-6204610
What is a235a (base 14) in base 16?
5f4ac
505aa (base 15) to base 11
164162
What is 3a58399 (base 11) in base 8?
32572355
What is 2410304 (base 5) in base 6?
541450
What is -201222221211 (base 3) in base 13?
-10a221
What is -43001420 (base 6) in base 9?
-2330453
-4176e9 (base 16) to base 12
-152a975
What is 848495 (base 11) in base 7?
14354535
What is -a5235 (base 13) in base 15?
-5ced7
Convert 7f696a (base 16) to base 10.
8350058
Convert -34717 (base 15) to base 9.
-274034
Convert 31041224 (base 5) to base 2.
111101101100010001
-1053223 (base 10) to base 2
-100000001001000100111
What is -30320032033 (base 4) in base 3?
-20100112000121
Convert 758584 (base 10) to base 5.
143233314
What is 11212211210 (base 3) in base 6?
2020550
Convert -40212110 (base 6) to base 15.
-176d96
-22110120021102 (base 3) to base 2
-10001001010010110101011
-a2a47 (base 14) to base 7
-3220620
-142000 (base 5) to base 8
-13363
What is 355756 (base 8) in base 13?
435c2
12335323 (base 6) to base 15
7e02c
Convert 12331103 (base 4) to base 16.
6f53
Convert 1066144 (base 7) to base 6.
2513134
What is 20937 (base 13) in base 11?
40104
Convert -111111110111 (base 3) to base 12.
-109911
Convert 26500655 (base 8) to base 4.
112220012231
-100133212 (base 4) to base 9
-112604
Convert 147222 (base 8) to base 10.
52882
Convert 12202113 (base 5) to base 10.
115908
Convert 2333217 (base 8) to base 13.
193981
Convert -1323222211 (base 4) to base 6.
-14505021
Convert -20131012203 (base 4) to base 5.
-1031410410
Convert 131333040 (base 5) to base 16.
9f3ee
-414001121 (base 5) to base 11
-a63782
-344443214 (base 6) to base 15
-861074
Convert -80169 (base 11) to base 13.
-4152c
What is 4702b (base 14) in base 11?
108a02
-14283 (base 16) to base 12
-3b943
Convert -80397 (base 12) to base 5.
-20311220
-301023111113 (base 4) to base 2
-110001001011010101010111
What is 51b853 (base 14) in base 5?
1201244421
Convert 2aaab (base 13) to base 15.
18e9d
Convert 142125020 (base 7) to base 2.
100011100010110011101001
What is -125396 (base 10) in base 3?
-20101000022
Convert a9a456 (base 12) to base 5.
1142132431
Convert -110100001110001101111011 (base 2) to base 8.
-64161573
764a9 (base 16) to base 8
1662251
-392c86 (base 16) to base 2
-1110010010110010000110
Convert -1204411 (base 5) to base 9.
-33748
Convert 718da (base 14) to base 8.
1026010
What is 111111110101111 (base 2) in base 16?
7faf
-a1bcc (base 15) to base 6
-14551420
What is 3c7b (base 13) in base 9?
12860
-6790a (base 13) to base 8
-557564
Convert -8b8b4b (base 16) to base 4.
-202320231023
Convert -62bdd9 (base 14) to base 6.
-155303403
Convert -80737a (base 11) to base 15.
-1a99a0
139c54b (base 14) to base 13
1c85566
What is 103130120 (base 4) in base 15?
188e5
-142a817 (base 12) to base 13
-ab6583
What is 3116756 (base 9) in base 15?
22d4a0
Convert 115325 (base 9) to base 8.
207621
What is 423841 (base 13) in base 14?
2c4d90
1402636 (base 8) to base 5
100112104
Convert 735638 (base 9) to base 13.
123cc2
203131100 (base 4) to base 13
51149
-151cc (base 16) to base 12
-42064
37252 (base 15) to base 3
22221110112
Convert -10332313021 (base 4) to base 8.
-4766711
Convert -1100011010011000 (base 2) to base 6.
-1031212
-2213373 (base 8) to base 2
-10010001011011111011
642723 (base 16) to base 5
3140013434
3145203 (base 6) to base 9
254323
Convert -d4c4 (base 16) to base 6.
-1100100
Convert -1220000200022 (base 3) to base 12.
-40525b
What is -a2458e (base 15) in base 16?
-75a43f
What is 244402 (base 5) in base 4?
2102020
3587a7 (base 11) to base 2
10001010101010100010
43122133 (base 5) to base 3
200111101002
Convert -221120201 (base 4) to base 14.
-45ab7
What is -224260406 (base 7) in base 15?
-1307ddb
What is -3141d (base 14) in base 8?
-350023
Convert 34601046 (base 7) to base 11.
1798919
13946 (base 11) to base 2
100110100111101
Convert 312345 (base 8) to base 6.
2115513
4072560 (base 8) to base 2
100000111010101110000
What is 341361 (base 8) in base 3?
12212100121
What is 100100100101101100 (base 2) in base 10?
149868
52a1 (base 16) to base 10
21153
-14637 (base 10) to base 5
-432022
Convert c0a028 (base 13) to base 12.
15bb1a8
-224695 (base 10) to base 8
-666667
Convert 4aee2a (base 15) to base 10.
3594190
Convert -1630277 (base 9) to base 8.
-3350662
What is -252620 (base 9) in base 4?
-211110201
What is 125254446 (base 7) in base 8?
36545371
What is 332153 (base 7) in base 6?
1130205
Convert -48276 (base 13) to base 11.
-90402
255cd (base 14) to base 15
1c293
23105a (base 11) to base 3
200200000012
-22756002 (base 8) to base 3
-100100120122110
195a40 (base 14) to base 8
3334350
Convert -10011000110111100100 (base 2) to base 16.
-98de4
12303622 (base 8) to base 16
298792
11011100011100010110 (base 2) to base 9
1625530
1101100110000010100000 (base 2) to base 3
20201001110011
What is 1221212111010 (base 3) in base 9?
1855433
What is -9200d (base 15) in base 12?
-1a3704
What is 213222312 (base 5) in base 2?
11011111001010100010
What is -446b2 (base 13) in base 11?
-85341
Convert -43042 (base 10) to base 3.
-2012001011
What is 1c4119 (base 13) in base 7?
6100612
-5519 (base 10) to base 8
-12617
What is 3463141 (base 10) in base 3?
20111221112111
What is 5a56 (base 13) in base 4?
3013022
What is -1220001110212 (base 3) in base 16?
-f556d
6ce0a (base 15) to base 4
1110310102
What is 26610421 (base 8) in base 4?
112301010101
-3321ee (base 15) to base 3
-11120211012122
What is 3300400 (base 5) in base 7?
323200
What is 97c8 (base 15) in base 9?
48068
3534350 (base 8) to base 5
221333330
What is 21201120101222 (base 3) in base 9?
7646358
321103044 (base 6) to base 13
122c57b
What is -21213112003 (base 4) in base 13?
-6a32bb
What is -fbeb06 (base 16) in base 8?
-76765406
270575 (base 11) to base 4
1213310330
2614212 (base 10) to base 15
3698ac
What is -51217 (base 9) in base 10?
-33712
What is -270422 (base 12) in base 6?
-21442442
What is -118aaf (base 16) in base 9?
-2141870
Convert 520100142 (base 6) to base 10.
8965790
Convert 358183 (base 10) to base 14.
94767
Convert -633341 (base 12) to base 10.
-1560865
Convert 100010101011011000 (base 2) to base 12.
6a248
What is 95141 (base 12) in base 4?
233232001
What is -189bd (base 14) in base 8?
-171533
Wha